- n**2 + n + 1. Suppose -7 = -3*o + 2. List the prime factors of j(o).
7
Let k = 2 + -8. What are the prime factors of (k/(-18))/(2/234)?
3, 13
Let k = 12 - -8. Suppose x - 3*x = k. Let r = x + 15. What are the prime factors of r?
5
Suppose c + 43 = -4*n, -5*c - 101 - 4 = -2*n. Let b = 59 + c. List the prime factors of b.
2, 3
Suppose -3*w - 2*i + 101 = 0, 5*w - 2*i = -0*w + 147. Suppose -2*f + w = 5*a, -3 = 2*a - 5*f + 2. What are the prime factors of a?
5
Let t(f) = 1. Let u(m) = 6*m - 18. Let p(r) = 2*t(r) + u(r). List the prime factors of p(9).
2, 19
Suppose -5*f - 52 + 267 = 0. Suppose 4 = 4*o, -3*z - o = 3*o - f. What are the prime factors of z?
13
Let u(n) = 11*n**2 - 5*n. List the prime factors of u(-3).
2, 3, 19
Suppose 2*z + 5*x - 50 = 0, 4*z - 5*x + 25 = 5*z. What are the prime factors of z?
5
Let s(n) = -n**3 - 4*n**2 - n - 1. Let d be s(-4). Suppose 4*q - d*q - 5 = 0. What are the prime factors of q?
5
Let m = -8 + 12. What are the prime factors of m?
2
Let m = -512 + 831. What are the prime factors of m?
11, 29
Let u = -2 - -241. What are the prime factors of u?
239
Let o = 2 - 0. Let h = 1 + o. Suppose -3*r - 9 = 0, u + h*u - 21 = 3*r. List the prime factors of u.
3
Let m(y) = y + 17. Let c(k) = k**2 + 10*k + 9. Let n be c(-10). What are the prime factors of m(n)?
2, 13
Let b(h) = -5*h**3 - 2*h**2 - h. Let v be b(-1). What are the prime factors of 148/6 + v/(-6)?
2, 3
List the prime factors of 419/4 - 30/40.
2, 13
Let q(y) = -y**3 + 6*y**2 - 5*y - 1. Let m be q(5). Let c be (-2 + 3)*(m - 3). What are the prime factors of ((-16)/12)/(c/30)?
2, 5
Suppose -3*s - 2*t + 25 = -0*t, -s = 3*t + 1. What are the prime factors of s?
11
Suppose -2*h + 3*g = -83, h - 80 = -5*g - 6. List the prime factors of h.
7
Suppose -2*v - 1 = 7, 8 = 2*k + 3*v. Suppose k = 5*z - 15. List the prime factors of z.
5
Suppose 37 = h - 0*h. What are the prime factors of h?
37
Suppose -w - 2 = p + 1, -5*w - 21 = 2*p. Suppose p*x = x + 7. What are the prime factors of x?
7
Let o(d) = d + 5. Let h be o(-3). Suppose -h*b = 5*x - 48, -2*b + 3*x + 36 = 2*x. What are the prime factors of (-2)/6 + b/3?
2, 3
Suppose 3*m - 7*m - 23 = 5*h, -h + 5*m + 7 = 0. Suppose 0 = -4*c - 92 - 84. List the prime factors of (c/(-6))/((-2)/h).
11
Suppose m = -3*m - w + 11, 0 = -5*m + 5*w - 5. Let u be 9*1*m/6. Suppose -2*n + 100 = u*n. List the prime factors of n.
2, 5
Suppose 0 = -4*q + 174 + 26. List the prime factors of q.
2, 5
Let g(m) = 16*m + 10. What are the prime factors of g(4)?
2, 37
What are the prime factors of (0 + 6/15)/(4/1100)?
2, 5, 11
Suppose 3*r - 254 = 445. List the prime factors of r.
233
Let p be 1*(-3 + 6 + 2). Suppose 0 = 5*q + p, -j - 4*q = j - 34. Suppose -r + 65 = 4*t + j, 2*r + 4 = 0. What are the prime factors of t?
2, 3
Let m(u) = u**2 + 5*u. List the prime factors of m(-6).
2, 3
Let n be (1 - 0)*(0 - -1). List the prime factors of (n - -1)/(4/34).
17
Suppose 5*d - 28 = 3*v - 162, 4*v = d + 207. What are the prime factors of v?
53
Let a(i) be the first derivative of -i**2 + 8*i - 2. Let l be a(6). What are the prime factors of (-5 - l)/((-1)/13)?
13
Let w = 19 - -16. List the prime factors of w.
5, 7
Suppose 0 = 4*o - 4, q + 43 = -q + o. Let i(p) = -2*p - 3. Let d be i(-5). List the prime factors of (-6)/q - (-82)/d.
2, 3
Let i be 0 - 1 - (-8)/2. Suppose i*o + 6 = 2*o - j, -3*j + 17 = -4*o. Let y = o - -7. What are the prime factors of y?
2
Suppose g - 1 = 3. Let x = 8 + -3. Suppose 20 = 4*y, x*v - 51 = y + g. List the prime factors of v.
2, 3
Let q(f) = f**2 + 156. Let c be q(0). Suppose 20*n - 24*n + c = 0. List the prime factors of n.
3, 13
Suppose -4*w - 2*c = -70, -c + 56 - 6 = 3*w. What are the prime factors of w?
3, 5
Let f(j) = -j**2 - 9*j + 14. Let u be f(-10). Suppose -2*n + 6 = -u*o + 2*o, -5*n + 27 = -2*o. What are the prime factors of n?
7
Suppose 0 = a - 0*a - 5. Let f(h) = h - 2*h - a - h. What are the prime factors of f(-5)?
5
Let y(w) = -3*w + 13. Let s be y(10). Let k(r) = 4*r**2 - 5*r + 3. Let g be k(3). Let o = s + g. List the prime factors of o.
7
Let b(q) = -3*q + 22. List the prime factors of b(-11).
5, 11
Let b(l) be the third derivative of -l**6/720 + l**5/24 - l**4/24 - 2*l**2. Let s(g) be the second derivative of b(g). What are the prime factors of s(0)?
5
Suppose -12*i + 7*i = -150. Suppose 5*x = -p, 4*p - x + 6*x - i = 0. What are the prime factors of p?
2, 5
Let q = 326 - 124. List the prime factors of q.
2, 101
Suppose 4*z = 23 + 53. List the prime factors of z.
19
Let p(k) = -k + 8. Let r be p(8). Let m(w) be the first derivative of w**4/4 - w**3/3 - w**2/2 + 12*w + 1. List the prime factors of m(r).
2, 3
Let t = -10 - -14. What are the prime factors of t?
2
Let r = -9 - -14. List the prime factors of (-6)/r*10/(-3).
2
What are the prime factors of 331 + 2 + (-12)/4?
2, 3, 5, 11
Suppose 0*u - 4*u - 32 = -4*b, 3*u + 33 = 4*b. Let y = b - -6. Suppose w - 2*r = 12 - 2, 3*w - r - y = 0. List the prime factors of w.
2
Suppose -3*x - 12 = -84. What are the prime factors of x?
2, 3
Let g(j) = j + 6. Suppose v + 15 = 3*q + 36, -5*v - 4*q + 29 = 0. Let k be g(v). Suppose -y - k = -6*y. What are the prime factors of y?
3
What are the prime factors of (58/8)/(1/4)?
29
Suppose -1143 = -5*j - 2*w, w + 677 = -j + 4*j. List the prime factors of j.
227
Let n(d) = -d**2 - 12*d - 7. Let p be n(-11). Suppose -r - p*r = -65. What are the prime factors of r?
13
Suppose 3*o - 4*o = 0. Let h be -4 - o - 1*2. What are the prime factors of (-76)/h + 2/(-3)?
2, 3
Let i = 40 + 4. List the prime factors of i.
2, 11
Let f(j) = -2*j**2 + 2*j + 1. Let t be f(3). Let m = t + 26. List the prime factors of m.
3, 5
Let d be 4 + (-3 - -2) + 9. Let j be (-105)/(-20) + 1/(-4). Suppose -6*c + j*c = -d. List the prime factors of c.
2, 3
Let x be 1/5 + 78/10. Let h(z) = -z**3 - z - 1. Let w(t) = 4*t**3 - 9*t**2 + 12*t. Let q(r) = 3*h(r) + w(r). What are the prime factors of q(x)?
5
Let y(w) = w**2 - 6*w + 5. Let a be y(8). List the prime factors of (4 - (3 + 0))*a.
3, 7
Let p = 82 - 50. What are the prime factors of p?
2
Suppose 2*q = 3*n - 390, 20 - 150 = -n + 4*q. Suppose s = i - 46 + 2, -2*s - n = -3*i. What are the prime factors of i?
2, 3, 7
Suppose 7*b = 10*b - 393. List the prime factors of b.
131
Let v(a) = a**2 + 8*a - 1. Let i be v(-7). Let k be (-4)/i + (-2)/(-4). What are the prime factors of (4 - -1)/(k/2)?
2, 5
Let y = 20 + -28. Let t = y + 13. What are the prime factors of t?
5
Suppose 5*k - 36 = 3*j, -3*j + 67 = 5*k + 13. Suppose 66 = -k*v + 12*v. What are the prime factors of v?
2, 11
Suppose 29 = 5*y + 9. Suppose 8*f = y*f + 12. Suppose 0*n + f*n + 1 = x, 1 = -x + 4*n. What are the prime factors of x?
7
Suppose -4*p + 3*d = 12, 3*d - 4*d + 2 = -p. What are the prime factors of p/9 - 8/(-3)?
2
Let d(n) = -n**3 + 13*n**2 + 14. Let y be d(13). List the prime factors of 4/y + 612/14.
2, 11
Suppose -7 = 5*s - 27. What are the prime factors of s - (-4 - -2) - -1?
7
Suppose -7*b - 88 = -9*b. List the prime factors of b.
2, 11
Let p(c) = 3*c - 2. Let b(d) = 2*d - 2. Let w(a) = 4*b(a) - 3*p(a). Let i be w(-3). Let q = i + 2. What are the prime factors of q?
3
Suppose -5*f - b + 19 = -16, 25 = 5*b. Let n be (-8)/(-10)*(-30)/f. List the prime factors of ((-16)/n)/(1/4).
2
Suppose -59 = -3*j + 22. Suppose j - 3 = a. What are the prime factors of a?
2, 3
List the prime factors of (3/2)/((-2)/(-36)).
3
Let k(o) = 3*o**2 + 4*o - 9. List the prime factors of k(-7).
2, 5, 11
Let j = 72 + -110. Let l = j + 67. What are the prime factors of l?
29
Suppose z - 9 = 5*v, z + 2 = 2*v + 8. Let d(s) = s. Let a be d(2). What are the prime factors of 2*a/z + 2?
3
What are the prime factors of (1056/80)/(6/20)?
2, 11
Suppose -41 - 89 = -5*p. List the prime factors of p.
2, 13
Suppose n - 93 = -2*s, 4*n - 2*s = 275 + 127. What are the prime factors of n?
3, 11
Suppose -2*u = 3*s - 20, -5*s + 3*u - 4*u = -24. Suppose -19 = -x - 0*x - 2*g, 2*g - 76 = -s*x. List the prime factors of x.
19
Let n(z) = -z + 2. Let k be n(-3). Suppose -k*d = 3*f + 27, 0*d - 3*d - 4*f = 14. List the prime factors of (16/d)/(2/(-3)).
2
Let h(a) = 3*a**2 + 3*a - 5. What are the prime factors of h(4)?
5, 11
Let n(v) = -v - 3. Let x be n(-4). Let z be (1 - x)*1/2. Let r = z + 3. What are the prime fa